r of y and 6?
6
Let l = -30 + 58. Suppose 0*q + l = 2*q. Calculate the greatest common factor of q and 154.
14
Suppose 3 = 4*h + 7. Let f be 9*h*-9 - -3. What is the greatest common factor of f and 21?
21
Suppose 4*d = 2*n + 161 + 727, 3*d = -3*n + 684. Calculate the greatest common factor of 28 and d.
28
Suppose -21*h + 874 - 202 = 0. Calculate the greatest common divisor of 48 and h.
16
Let z(u) = 2*u - 2. Let h be z(2). Let v(r) = 1 + h - 3*r - 5*r. Let q be v(-3). Calculate the greatest common factor of q and 3.
3
Suppose -j - 40 = -3*t - 8, 0 = -4*t - 3*j + 60. Calculate the greatest common factor of 108 and t.
12
Let m(i) = 14*i**2 + 5*i + 2. Let w be m(-2). Calculate the highest common factor of w and 72.
24
Let p be (-1)/4 - (-34)/8. Let z be (-75)/12 + (-1)/(-4). Let m(b) = b + 8. Let k be m(z). Calculate the highest common divisor of k and p.
2
Let i = 3 + 4. Let u = i + -1. Calculate the greatest common factor of u and 18.
6
Suppose -4*s + 3*s + 21 = 0. What is the greatest common factor of s and 105?
21
Let u = -14 + 22. What is the greatest common factor of 8 and u?
8
Suppose i + 2*i = 231. Calculate the highest common divisor of 11 and i.
11
Let n(a) = a**3 - 8*a**2 - 8*a + 12. Suppose -4*f + 20 + 16 = 0. Let c be n(f). Let o = -103 - -292. Calculate the highest common divisor of c and o.
21
Suppose -5*n = -n - 40. Let x(r) = -r**3 + 11*r**2 - 9*r + 14. Let a be x(n). What is the highest common factor of a and 16?
8
Let v = 2 + -1. Let c(x) = 5*x**2 + x - 1. Let j be c(v). Suppose z = -0*z + 15. Calculate the highest common factor of z and j.
5
Let s = -74 + 129. Let i be (2/(-4))/((-1)/36). Let b = i + -7. What is the highest common divisor of s and b?
11
Let a(v) = -v**3 - 9*v**2 - 2*v - 13. Let j be a(-9). Let q = j + -3. Suppose -3 - 9 = -q*g. Calculate the highest common factor of g and 42.
6
Suppose -4*x - x = -60. Let b be (-224)/20*30/(-4). What is the highest common factor of b and x?
12
Suppose 6*r - r - 54 = -3*y, 2*r - 5*y - 3 = 0. Let k = -4 + r. Let q(i) = 5*i - 5. Let l be q(k). What is the greatest common divisor of 10 and l?
10
Let i be 2/6 - (3 - 2697/9). Calculate the highest common divisor of 27 and i.
27
Let b(k) = k**2 + k - 2. Let v be b(-6). Let p(d) = 2*d**2 + 15*d - 4. Let o be p(-8). What is the greatest common divisor of v and o?
4
Let h be 0 + -1 + 3 + -2. Suppose 4*a - 8 + 4 = -s, h = 3*a - 4*s - 22. What is the highest common divisor of a and 2?
2
Let y be 0/(-1) + 0/2. Suppose y = 2*s + b - 4 - 4, -2*b = -4. Let w be 2*3 - (s + -2). Calculate the highest common divisor of 20 and w.
5
Let m be (-2)/9 + 380/90. Let v = -6 - -12. Calculate the greatest common divisor of v and m.
2
Let r be (-2 + 1 + 0)/(-1). Let v(m) = 7*m**3. Let j be v(r). What is the greatest common factor of 49 and j?
7
Suppose -104 = -4*a + 16. Suppose 17 = 2*l - 7. What is the greatest common divisor of l and a?
6
Let i be 88 - (2 - -2) - -4. Calculate the greatest common factor of 8 and i.
8
Let g = 2 + 7. Suppose 5*h + 35 = 5*w, w + 0*h - 5*h - 23 = 0. Calculate the highest common factor of w and g.
3
Let u = 59 + -14. Let y be (-57)/(-21) + (-2)/(-7). Suppose z - u = -2*z + y*x, 2*z + x = 30. What is the greatest common factor of z and 6?
3
Suppose -2*d = t - 14, t + 8 = 5*t. What is the highest common factor of d and 18?
6
Let z = 3 + -10. Let m = 51 + z. Let s be 4/6*6 + 0. What is the greatest common factor of m and s?
4
Suppose 0 = -u + r + 10, -r - r = 2*u - 8. What is the highest common factor of u and 63?
7
Suppose 8*j - 9*j = -4. Suppose -30 = -j*k - k. What is the highest common divisor of k and 42?
6
Let b = 10 + -6. Calculate the greatest common divisor of 12 and b.
4
Suppose -9 = 2*i + m, 2*m + 12 = -i - 0*m. Let f be (-3)/i + (-23)/(-2). What is the highest common factor of 91 and f?
13
Suppose -3*j + 4 - 1 = 0, -21 = -2*k - j. Let c(i) = i**3 + i**2 + i - 43. Let p be c(0). Let d = p - -68. Calculate the highest common factor of k and d.
5
Let u = 105 + -76. Calculate the highest common factor of u and 116.
29
Suppose 5*w + 24 = 54. What is the greatest common factor of w and 1?
1
Suppose 0 = l + 67 - 201. Suppose 3*q = -2 + l. Let z be -1 + -2*(-134)/4. Calculate the greatest common factor of z and q.
22
Let o = -81 + 162. What is the highest common divisor of o and 9?
9
Let k = 15 - 21. Let i = k - -8. Let f(y) = 2*y - 2. Let w be f(i). Calculate the highest common factor of 10 and w.
2
Suppose -368 = -4*d - 124. Let a = d + -21. What is the highest common factor of a and 10?
10
Let y be 8/(-5)*(5 - (-105)/(-3)). What is the highest common divisor of 6 and y?
6
Suppose 83 = 5*u - 197. Calculate the greatest common divisor of u and 448.
56
Suppose 5*u = u. Let k = 14 - u. Suppose h - 6*h + 280 = 0. What is the greatest common factor of h and k?
14
Suppose 0 = -22*w - 11*w + 66. Suppose -y + 0 = -4. Suppose 30 = -n + y*n. Calculate the highest common divisor of n and w.
2
Suppose 0 = -7*y - 59 + 143. What is the highest common divisor of y and 30?
6
Let a = 6 + 1. Calculate the greatest common factor of a and 7.
7
Let f be 12/(-9) + 2 + (-300)/(-9). Calculate the highest common divisor of f and 119.
17
Let x = 248 - 148. Calculate the greatest common divisor of x and 25.
25
Suppose 4*x - 21 + 1 = 0. Suppose 0 = -x*a + 3*a - 20. Let v be 2/(-5) - 554/a. What is the greatest common divisor of v and 5?
5
Suppose -9*j + 112 = -2*j. Suppose 5*k - 3*k = v - 138, 579 = 4*v + k. What is the highest common divisor of v and j?
16
Let i(n) = n + 1. Let p be i(4). Suppose -5*c + 5 = -p. What is the highest common divisor of c and 5?
1
Let l = 4 + -2. Suppose 47 + 1 = l*d. Let k be ((-9)/12)/((-1)/d). What is the greatest common divisor of k and 36?
18
Suppose -h - 3*i = 7, 4*h - 1 - 35 = 4*i. Let k(u) = u**3 - 2*u**2 + u - 1. Let r be k(1). Let q = r + h. What is the greatest common factor of q and 20?
4
Let u = 7 + -2. Suppose h = 3*h + 3*w - 107, u*h - 220 = 2*w. Suppose 5*p - h = -4*t + 24, 4*p + 2*t = 50. Calculate the highest common factor of p and 25.
5
Let a = 67 - 47. Let v be (-6)/((-3)/10 + 0). What is the greatest common factor of v and a?
20
Suppose l = -3*g + 36, 4*g = -5*l + 11 + 37. Let f = 49 + 59. What is the greatest common factor of f and g?
12
Suppose 0 = -16*g + 3*g + 260. What is the highest common divisor of 220 and g?
20
Suppose 0 = k + k - 72. Let y be -4 + 0 + 84/3. What is the greatest common divisor of y and k?
12
Suppose 3*x = 5*o + 49, 0 = 3*x + 5*o - 32 + 3. Calculate the highest common divisor of 39 and x.
13
Let w be 10/(-4)*(-512)/80. Calculate the highest common divisor of w and 80.
16
Let b = 28 + -22. Calculate the greatest common factor of b and 42.
6
Let h = 8 + 7. Suppose -3*u + 17 + 16 = -d, u = -3*d + 1. What is the highest common divisor of u and h?
5
Suppose p - 10 = -p. Suppose -4*s = 5*j + 37, 7 = s - 0*s - 2*j. Let m be 1*s*60/(-18). Calculate the highest common divisor of p and m.
5
Let j be 49*(-3 + (-93)/(-21)). What is the greatest common factor of 10 and j?
10
Let z(k) = -26*k**3 - 2*k - 1. Suppose 2*u - 7 = 3*r, -10 = 4*u - 0*u + 2*r. Let q be z(u). What is the highest common factor of 3 and q?
3
Suppose -38 = -3*r - 2. Let w(v) = -3*v. Let x be w(-1). Suppose x*k = -2*s + 5*s - 12, -4*k = -s + 7. Calculate the greatest common factor of r and s.
3
Suppose 3*o - 2*v = 357, 2*v - 3 = 3*v. Let d(b) = 2*b**2 - 6*b - 7. Let a be d(5). Calculate the greatest common factor of a and o.
13
Suppose n = 4*n - 6. Suppose 35 = 5*j - 5*c, 4*j + 16 = n*j - 4*c. Let f be (24 - (-2)/1)/j. What is the highest common divisor of f and 39?
13
Let t = 4 + 1. Suppose 4*h = f - 0*h - 34, f = -t*h + 25. Suppose -4*d = -d - f. What is the highest common factor of 50 and d?
10
Let l(p) = p**3 + 13*p**2 - 2*p - 8. Let m be l(-13). What is the greatest common divisor of m and 162?
18
Suppose 5*g - 140 = 5*z, 7*g - 124 = 2*g + z. What is the highest common factor of g and 8?
8
Let q(w) = w**3 + 12*w**2 + 3*w - 10. Let o be q(-10). Let t = o - 84. Let f = -12 - -31. Calculate the highest common divisor of f and t.
19
Let v = 871 - 567. Calculate the greatest common factor of v and 38.
38
Let w(y) = -y**3 + 14*y**2 - 13*y + 7. Let p be w(13). What is the highest common factor of 7 and p?
7
Let u be